t o(k) = k**3 + 0*k**3 - 6*k**y + 6*k + 6 - k. Suppose 22 = 4*s - z, -2*s = -6*s - 3*z + 14. Give o(s).
6
Suppose -7*b = -2*b - 25, -2*k = b + 3. Let n(u) = 3*u - 5. What is n(k)?
-17
Let d = -3 + 1. Let j be d/8 + (-10)/(-8). Let f(o) be the third derivative of -3*o**6/40 + o**5/60 - o**4/12 + o**3/6 + 16*o**2 + 2. Calculate f(j).
-9
Let r(t) = -t**3 - 4*t**2 + 6*t + 5. Let q = -4 + -1. Calculate r(q).
0
Let w(x) = -x**2 - 4*x - 1. Let o = -4 + 8. Let f = 5 - o. Let d be (8/(-20))/(f/10). Calculate w(d).
-1
Let h(g) = -g**2 + 10*g - 10. Let i(m) = -2*m**2 + 21*m - 21. Let r(a) = 13*h(a) - 6*i(a). Suppose 20 = -0*v - 2*v. Let s = -6 - v. What is r(s)?
-4
Let m(b) = -b**2 + 5*b - 1. Let x be m(4). Let c be -3*(-3)/(9/2). Let w(g) = -g + 3*g**2 - g**2 - 5*g**2 - c + g**3. Determine w(x).
-5
Suppose 5*c + 25 = 0, 4*s + s - 25 = 2*c. Let l(v) = 4 - 4 + 0 + 4 - s*v. Let r = 8 - 5. Determine l(r).
-5
Let c(m) = 5 - 1 - m + 4 - 7. Suppose s = 2*a + 6, 2*s + 4 = -3*a + 9. Calculate c(a).
2
Let o(d) be the third derivative of 0 + 9*d**2 + 1/30*d**6 + 0*d**5 + 0*d**3 + 0*d**4 + 0*d. Let j be (-1)/2*0 + -1. What is o(j)?
-4
Let x(g) = 9*g + 8*g**2 + 4*g**2 + 2 - 11*g**2. Give x(-7).
-12
Let y(s) = 4*s**3 - 2*s**2 + 1. Let r be y(-1). Let p(u) = 5*u**2 - 7 + 7*u - 2*u**2 - 2*u**2 + 11. What is p(r)?
-6
Let x(g) = -g**2 + 6*g - 1. Let d(k) = -k**3 + 2*k**2 + 2*k - 2. Let h be d(2). Let q = 0 + h. Suppose -c + q = -3. Determine x(c).
4
Let b(d) = d**3 + 7*d**2 - 2*d**3 - 5*d**2 + 2*d + 2. Give b(3).
-1
Let k(c) = 7*c + 3. Suppose -5*p - 2*m + 2 - 11 = 0, 3*p + 18 = 3*m. Calculate k(p).
-18
Let u(j) = j**3 + 1. Suppose 9*s = 4*s - 10. Let p = 1 - 1. Let l = p + s. What is u(l)?
-7
Let t(q) = -q + 3. Let a be t(-10). Let c(y) = a - 13 - y. Let m be 2/(-2 + (-24)/(-10)). Calculate c(m).
-5
Let m(y) be the first derivative of -1/20*y**5 + y**2 - 1 + 2*y + 1/3*y**4 + 5/6*y**3. Let f(k) be the first derivative of m(k). Give f(5).
2
Let i(f) = f - 2. Let j be i(-3). Let b(w) = w**2 + 4*w - 4. Let r be b(-5). Let d(n) = n**2 + 1 + 3*n - r. Give d(j).
10
Let r(v) = v**3 + 6*v**2 + 4*v. Let t be r(-5). Let p(f) be the third derivative of -f**5/60 + 5*f**4/24 + f**3/3 + 5*f**2. Give p(t).
2
Let n(k) be the second derivative of -k**4/12 - k**3/6 - k**2 + 2*k. Determine n(0).
-2
Let x(p) = p**3 - 2*p**2 - p + 1. Suppose -v + 2*s - 5 = 0, v - 15 = 3*s - 6*s. What is x(v)?
7
Let v(h) = h. Let j(d) = d - 1. Let q(b) = -b + 2. Let k(a) = 5*j(a) + 3*q(a). Let l(z) = k(z) - 3*v(z). Let r be ((-4)/6)/((-6)/(-9)). Give l(r).
2
Suppose -w + 6 = -4*w. Let s(u) = -u**2 + 2*u + 2. Give s(w).
-6
Suppose 5*h = -2*t, -6*t - 3*h = -2*t. Let o(q) = 3 - 8 - 6*q - q**3 + t*q**3 + 7*q**2 + 0*q. Calculate o(6).
-5
Suppose -v + 4 = v. Let z(p) = -p - 6*p**2 + 0*p**3 + p**3 + 5*p**2 - 3 + v*p**2. Determine z(0).
-3
Let f(x) = -7*x. Let b(l) = -36*l + 1. Let t(d) = 2*b(d) - 11*f(d). What is t(2)?
12
Let n(j) = -j + 19. Let c be n(16). Let o(a) = 3*a - 1 + 4*a**2 - a**c - 3 + 3. Calculate o(5).
-11
Let d be -2 + ((-9)/3 - -7). Let m(s) be the first derivative of 3 + 3/2*s**d + 6*s. Calculate m(-4).
-6
Let k = 41 - 26. Let x(a) = a. Let d be x(-6). Let l be (d/5)/((-6)/k). Let y(f) = f - 1. Determine y(l).
2
Let a(u) be the third derivative of 0 - u**2 - 1/15*u**5 + 0*u**3 + 0*u + 1/24*u**4. Give a(-1).
-5
Let f(k) be the second derivative of -k**4/12 + k**3/2 + 5*k**2/2 + 70*k. Determine f(6).
-13
Suppose 4 + 92 = 3*x. Suppose 5*g - x + 2 = 0. Let w be 3/((-3)/g + -1). Let u(t) = 3*t - 2. Calculate u(w).
-8
Let r(h) be the first derivative of -h**4/4 - 4*h**3/3 + 3*h**2/2 - 7*h + 1. Calculate r(-5).
3
Let v(w) = -w**2 + 4. Let z be v(3). Let p(c) = -5*c - 4. Let i(s) = 14*s + 11. Let k(o) = -6*i(o) - 17*p(o). What is k(z)?
-3
Let d(q) = -4*q**3 + q - 5. Let k(x) = 3*x**3 - x + 5. Let t(f) = 2*d(f) + 3*k(f). Let s be t(0). Let w(l) = l**3 - 4*l**2 - 5*l - 6. What is w(s)?
-6
Let r(x) = x + 12. Let c(v) = 2*v + 24. Let a(d) = 3*c(d) - 5*r(d). Calculate a(-5).
7
Let p(s) be the third derivative of s**6/120 + s**5/60 + s**4/12 + s**3/3 + 3*s**2. Determine p(-2).
-6
Let o(k) be the first derivative of k**2 - 2*k + 1. Let a be o(3). Let r(v) = -v + 1. Give r(a).
-3
Suppose 0*x - 3*x = -2*r - 14, 0 = -5*x + 5*r + 30. Let d(w) be the first derivative of 2 - 1/4*w**4 - 1/2*w**x + 1/3*w**3 - 2*w. What is d(2)?
-8
Let t(w) = 2*w - 21*w**3 + 1 - 2 + 24*w**3. Determine t(1).
4
Let a be ((-2 - -7) + -1)*1. Suppose w = -5*v + 27, a*v + v - 23 = w. Let y(r) = -2*r - 1 - w*r**3 + 0*r**2 - r**2 + 0. What is y(-1)?
2
Let a(g) = -g**2 - 6*g - 2. Let r(u) = -2*u**2 - 9*u + 49. Let k be r(-8). Determine a(k).
-9
Let l(v) = 5*v**3 + 36*v**2 - 6*v - 25. Let w(c) = -c**3 - 7*c**2 + c + 5. Let o(h) = -2*l(h) - 11*w(h). Let q(d) = -d + 6. Let s be q(10). Calculate o(s).
7
Let t be 8/(-2) - (-2)/(-2). Let g(l) be the second derivative of -l**3/2 - 3*l**2 - 11*l. What is g(t)?
9
Let b(g) = -g**2 - g + 1. Let n(p) = -3*p**2 - 4*p + 2. Let d(w) = -4*b(w) + n(w). What is d(-2)?
2
Let b(o) be the first derivative of -o**4/4 + 2*o**3/3 + 3*o**2/2 - 2*o + 2. Let s = 1 + -3. Let h = 5 + s. Give b(h).
-2
Let t(j) = -j**2 - 4*j + 1. Let a(y) = -y**2 - 4*y + 2. Let k(z) = -6*a(z) + 5*t(z). What is k(-7)?
14
Let i(h) = h. Let c(u) = -3*u**2 - u + 1. Let q(b) = c(b) - 2*i(b). Let r(p) be the first derivative of q(p). Calculate r(-2).
9
Let o(p) = 5*p. Let l(h) = -9*h. Let m be (-6)/(-10) + 23/(-5). Let c = -7 + m. Let x(g) = c*o(g) - 6*l(g). Give x(4).
-4
Suppose -6*g + 3*g = 6*g. Let b(n) = n + 3. Determine b(g).
3
Let q(r) = 7*r**2 + r + 1. Let u(a) = 35*a**2 + 5*a + 5. Let k(c) = -11*q(c) + 2*u(c). Let s be (-4)/14 + (-10)/14. Give k(s).
-7
Let j(i) = -i**3 - 1. Let k(s) = s**3 - s**2 + 2*s + 4. Let d(g) = 3*j(g) + k(g). Suppose 0 = -2*t - 3 - 1. Let q be (-15)/6 - 1/t. Calculate d(q).
9
Let l(y) be the first derivative of y**3/3 - y**2 + y + 23. Let r be 3/(-2)*6/(-9). Calculate l(r).
0
Let m = -66 - -95. Suppose -m = 3*x - 4*r + 3, -5*x + 5 = 5*r. Let h(g) be the second derivative of g**3/3 + 3*g**2/2 + g. Determine h(x).
-5
Let j(b) be the second derivative of -b**4/6 - b**3/3 + b**2 - 7*b. Give j(-2).
-2
Let j be (-35)/(-42) + 2/12. Let x(f) = f. Let w(l) = 3*l + 2. Let p(h) = j*w(h) - 5*x(h). Suppose -6 = -2*u - 2. What is p(u)?
-2
Suppose z + 0*z + k = 5, 5*z = -3*k + 21. Let v be 3*(-2)/z*1. Let i(u) = u**3 + 2*u**2 + u + 2. What is i(v)?
0
Let m(v) be the second derivative of v**5/20 - v**3/6 - 23*v. Suppose -3*b = 4*d + 5, 0*d - 3*b - 8 = d. Let a be m(d). Let j(t) = -t**2 - 4. Determine j(a).
-4
Let p = 4 - 0. Let b(o) be the first derivative of -o**4/4 + 4*o**3/3 - o**2 + 6*o - 8. Determine b(p).
-2
Let b(z) = -z**3 - 3*z**2 + 4*z - 4. Let a(t) = -15*t**2 - t - 1. Let s be a(-1). Suppose 0 = 4*u + u - 55. Let f = s + u. Determine b(f).
-4
Let f(n) = 2*n - n**2 + 2 - n + 4 + 5*n. Suppose -4*j = -19 - 5. What is f(j)?
6
Let u(f) = f**3 - 3*f**2. Let q be u(3). Suppose -2*j - 1 = -7. Let m(g) = 3*g**2 - 5*g**2 + 4*g**2 - 3 - j*g**2. Determine m(q).
-3
Let u(b) = -b**2 - 3*b + 3. Let v(l) = l**2 + 1. Let p be v(1). What is u(p)?
-7
Let y(i) = 2*i**3 - 2*i**2 + 1. Let t(g) = -9*g**3 + 9*g**2 - 4. Let b(s) = 6*t(s) + 26*y(s). Suppose -7*x - 2*x = -18. Determine b(x).
-6
Let k(z) = -z**2 - 2*z + 2. Suppose 0 = -2*f + p - 1, f = 2*f + 4*p - 22. Calculate k(f).
-6
Let c(d) be the second derivative of d**3/3 - d**2/2 - 7*d. Determine c(6).
11
Let c(w) = -w**3 + 2*w**2 + 2*w - 3. Suppose 5*q + 3*i + 2*i + 5 = 0, -2*i = 6. Let x be c(q). Let z(u) = 0 + 0*u - x - 2*u. What is z(4)?
-9
Let r(g) = -g + 8. Let k be 3 - (-5 - (-3 - -3)). Calculate r(k).
0
Let o(u) be the first derivative of u**5/20 - 5*u**4/12 - u**3/6 + 3*u**2/2 + u - 4. Let x(d) be the first derivative of o(d). What is x(5)?
-2
Let v = -13 + 40. Suppose -5*x = -10, -5*x + v = 4*q + 9. Let c(p) = -2*p**3 + p**2 + p + 2. Give c(q).
-8
Let t(r) be the first derivative of -r**3/2 + r**2 - r + 3. Let y(s) be the first derivative of t(s). Determine y(4).
-10
Let y(a) = -5*a - 1. Let r be y(1). Let d(h) = 8*h**3 - 7*h**2 + 8*h. Let u(q) = 7*q**3 + 7*q - 13 + 13 - 6*q**2. Let s(j) = r*d(j) + 7*u(j). What is s(0)?
0
Let c be (6 + -3)/(3/2). Let t(l) = 5*l + c*l**2 - 3*l + 